) + (24 - 17 - -1)
7
3 - 4 - (2 + (3 - 3) - 6)
3
What is -18 + (-14 - -34 - 13)?
-11
-8 + (12 - 18) + 3
-11
(26 - 26) + -29 + 13
-16
Evaluate 52 + -31 + (9 - 22).
8
What is 49 + -39 - (-13 + 1)?
22
2 - (-2 + (25 - 24))
3
What is the value of -9 - (-1 - 4 - -7 - -1) - -1?
-11
What is the value of 27 - 11 - (0 - -12) - 10 - -15?
9
Calculate -11 - (-7 + 2) - 0.
-6
-59 + 31 + 25 + -1
-4
What is (3 + 9 + -1 - 1) + -6?
4
What is -35 + 9 + (16 - (-14 - -27))?
-23
What is -21 + (0 - -15) + (-9 - 1)?
-16
Calculate -2 + (0 - 2 - (-27 - -13)).
10
What is the value of (0 - 16) + 15 + (-2 - 10)?
-13
Evaluate 3 - (1 - 1) - (-7 - 12 - -26).
-4
What is the value of -16 + (1 + 7 - 0) - 1?
-9
Calculate 24 - (43 - 10) - (-1 + (1 - 1)).
-8
15 - 0 - (158 - 150)
7
Calculate (-8 + 4 + 5 - 8) + 1 + -8.
-14
Calculate -3 - (1 - 1) - (-124 + 118) - 16.
-13
-11 + (-2 - -3) + 5 + -8 + 8
-5
What is (-9 - -16) + (6 - 8)?
5
What is 4 + -6 - (5 - -2 - 8)?
-1
What is the value of -6 - ((4 - -7) + -6 + -2)?
-9
What is (-113 - -144) + -2 + -15?
14
What is -16 - -1 - (879 + -920)?
26
What is the value of 14 - (-7 + (21 - 4) + -4 + -2)?
10
What is the value of 15 - (20 - (2 + 13))?
10
What is 13 - (-7 + 16 - (8 - 10))?
2
Evaluate -7 - (-3 + -9 + 5) - 3.
-3
Evaluate 11 - 6 - 12 - -2 - -7 - 5.
-3
14 + (-36 + 32 - 36)
-26
Evaluate 1 + -13 - (-158 + 137).
9
What is the value of 57 - (111 + -45) - (-39 + (-2 - -3))?
29
-4 + (1 - 0) + 3
0
Calculate 24 - (-32 + 37 + -8).
27
What is the value of 1 - (-6 + 5 + 4) - -12?
10
What is the value of -22 + 2 + (-6 - 16 - -20) + -3?
-25
Evaluate -22 + (3 - -18) + -13.
-14
Calculate 14 + 10 + (-7 - (-7 + 8)).
16
3 + -10 - (-8 - -10 - 23) - 1
13
Evaluate 5 - 12 - (5 + -11 + -1).
0
What is -45 + (5 - -2 - -34)?
-4
Calculate 1 - 6 - (13 - (21 + -8)).
-5
What is the value of -11 + 31 + -19 + -4?
-3
What is 0 + 1 - -9 - (368 - 372)?
14
Evaluate -22 + -2 + 10 + (-5 - -8) + -5.
-16
Evaluate (5 - -1) + -1 + -4 + -4.
-3
Evaluate -3 + 1 + 5 + (-6 - (53 + -33)).
-23
Evaluate 512 + -541 - (2 - 1).
-30
Evaluate 10 - (13 - 19 - -8).
8
Evaluate (-7 - -1) + -5 + (88 - 51).
26
What is (-12 - (-7 + (-4 - -4))) + 13?
8
-2 + 1 + 28 - (-773 + 789)
11
Evaluate -12 + 27 + -13 - (-1 - 7).
10
2 + -31 + (46 - 10)
7
What is -22 - (-11 - 13 - 12)?
14
What is 77 - (5 + 74) - (-1 + 1 + -5)?
3
What is the value of -8 - (-29 - -32) - (4 - 19)?
4
What is the value of 7 - (13 + -3) - -3 - 2 - 18?
-20
-7 + 4 - (-5 + 29 + -6)
-21
Evaluate (-2 + 0 - 0) + (-8 - -30) + -17.
3
Evaluate -47 + 25 - (-1 + -13).
-8
What is the value of 27 - (-18 + -12 + 48)?
9
What is (2 - -1) + -27 + (18 - -9)?
3
Evaluate (-29 - (17 - 21)) + 13.
-12
(-9 - (-5 + 7)) + (-3 - 4) - -6
-12
Calculate -5 + 2 + -3 + (99 - 111).
-18
What is -6 + 8 + (-6 - -1) + -12 - -5?
-10
Calculate (3 - 1 - -4 - -1) + (-34 - -41).
14
What is the value of -15 - (3 - (18 + 3))?
3
What is (-13 - (-23 - -3)) + 4?
11
Calculate ((-11 - -17) + 2 - -8) + -30.
-14
What is 17 - (7 + (-5 - (18 + -3)))?
30
(-10 - -47) + -14 + -18
5
What is 9 + (0 - (-6 - -3) - (5 + -14))?
21
Evaluate -1 - -8 - (-10 + 3).
14
Evaluate -12 + (15 - (7 + (10 - 12))) + -16.
-18
Evaluate 15 + (-5 - 8) - -2.
4
Evaluate 6 + (-2 - (13 - 4)).
-5
-2 + (6 - 3) - (2 - (-13 - -19))
5
What is 0 + -14 - (-6 - ((8 - 9) + -3))?
-12
Calculate 1 - -19 - (16 + (7 - 17)).
14
Calculate -1 + 9 - (-326 + 309).
25
Evaluate 8 - -7 - 31 - -19.
3
Evaluate (-2 - -18 - (6 - -10)) + (0 - -15).
15
Evaluate (6 - 3) + 5 + -2 + 0 + -7.
-1
What is 9 + -13 + -9 - (13 + -10)?
-16
What is the value of (1 - 1) + (274 - 293)?
-19
What is the value of -3 + (6 - (-1 - -16))?
-12
Calculate -24 + 17 + 9 + 10.
12
7 + 5 + (-6 - -7)
13
-2 - (11 + 26 + -19)
-20
What is the value of -5 - (-7 - -1) - (-29 + 18)?
12
What is the value of (5 - (17 + (5 - 10))) + (-7 - 3)?
-17
Calculate 2 + (-8 - 1 - ((-19 - -6) + 15)).
-9
4 - -8 - 27 - (8 - 19)
-4
Calculate -16 + 29 - (36 + 11 - 14).
-20
Calculate 6 + (-1 - -3) - (28 - (-5 + 9)).
-16
What is 5 + 19 + -36 - -12?
0
Calculate (-9 - 10) + 9 - -20.
10
What is the value of -32 - ((-11 - 3) + -82 + 90)?
-26
What is -4 + (8 + 30 - 20)?
14
Evaluate 3 + -16 + -2 + 6 + (-5 - 0).
-14
What is the value of 14 + -35 - -38 - 23?
-6
Calculate 4 - (-10 - (-2 - 0)).
12
Evaluate 5 - (9 - (-13 + 11 + 2 + 1)).
-3
Calculate -31 - (-73 - (-1 + -12)).
29
What is the value of (-23 + 13 - -6) + -2 + -1?
-7
Calculate -48 - (4 + -19 - (-35 + 30)) - -8.
-30
What is 7 - (-2 + 10 - (-14 - -2))?
-13
What is the value of -28 + -12 + (28 + -4 - 4)?
-20
What is (-14 - 1) + -210 + 197?
-28
Evaluate 16 - (11 + -9 - -10).
4
What is the value of 18 - ((12 - 15) + -2 + (16 - 3))?
10
Evaluate (6 + -3 - 3) + 11 + -4.
7
Calculate (-7 - 5) + (3 - (-6 + 3 - -1)).
-7
What is 31 - (34 + -11 + -9)?
17
Calculate -30 + 8 + 59 - (-2 + 16).
23
(10 - 23) + (14 - 10) - -19
10
Evaluate 55 + -73 - (-14 + -2).
-2
What is 9 + -16 - 7 - -6?
-8
What is 4 - (13 + -6) - (2 + -5 + -3)?
3
What is (-7 - (16 + -12)) + 35 + -7?
17
Evaluate 10 + (6 - 41) + 14 - -13.
2
What is the value of 22 + (-8 - -17) + -23?
8
What is the value of 4 + -2 - (5 + 21) - (-97 + 98)?
-25
What is the value of -9 + 13 + 13 + -7?
10
What is the value of (0 - (17 - 3)) + (-221 - -227)?
-8
-25 + (-8 - (-23 - 8))
-2
Calculate -23 - (-14 - -10 - 7 - -3).
-15
Evaluate 50 + -36 - (2 + 10).
2
Calculate (0 + -4 - 3) + 16.
9
Calculate 10 + (-14 - (-7 + 12)).
-9
Calculate (-14 - -10) + -6 + 15 + 1.
6
Evaluate 12 + -4 + (-1 - -2) + (-42 - -15).
-18
Calculate -7 - 11 - (-10 + (11 + -5 - -1)).
-15
(-1 - (1 + 1)) + 6 - (0 - 5)
8
-34 - (-11 + -3 - 3)
-17
4 + -5 + 11 + 3 + -3 + -2
8
-12 - ((-10 - -1 - (7 + -15)) + 11)
-22
Calculate 7 + -1 + 91 + -83.
14
What is the value of -1 + -4 - (19 + (16 - -14) - 20)?
-34
What is -1 + 13 - (-905 + 923)?
-6
What is the value of 25 - (2 + -11 + -5 + 12 - -4)?
23
Calculate -2 - (14 + (-13 - -9) - 0).
-12
What is 7 + (-11 - -2 - -2) + -25 + 5?
-20
What is the value of -1 + 5 - (-2 - (20 + -32))?
-6
Calculate -4 - 38 - -1 - -12 - -1.
-28
What is the value of 2 - (0 + 3 + 3)?
-4
Calculate 40 + -3 + -9 - 18.
10
Calculate (15 - 1) + 2 + 4 + -12 + 2.
10
What is 13 - 4 - ((4 - (-35 + 4)) + 2)?
-28
What is the value of -51 + (69 - 7) + (-1 - -6 - -2)?
18
Evaluate -13 - 1 - -20 - (7 - -2 - 3).
0
Calculate 254 + -287 + (12 - 1).
-22
What is 9 + 0 + -255 + 253?
7
What is 3 - 3 - (1 + (10 - 0) - 4)?
-7
What is the value of (518 - 496) + (-1 - 11)?
10
-46 + 39 - (2 + 0 - (-1 - 4))
-14
What is the value of 0 + (7 + -17 - -13) - (0 + -1)?
4
Evaluate 0 - (3 + 25 + -23 + (-3 - 6)).
4
(6 - (-1 - 0)) + (-17 - -33) + -17
6
Calculate (-1 - -1) + (-117 - -104).
-13
What is the value of 30 - 39 - (5 - 2)?
-12
Evaluate (7 - -2 - (12 + -3)) + -1 + -19.
-20
What is -13 + 4 + (18 - -1 - (1 - 6))?
15
20 + 14 + -5 - 49
-20
Calculate (-4 - 7) + -9 + (13 - -16).
9
23 + (-23 - 23) + 1
-22
Calculate 10 + -20 + (2 - -6).
-2
-30 + 27 + 0 - (7 + 1)
-11
What is (-1 - (2 + -1)) + -6 - (30 - 2)?
-36
Calculate (76 - 46) + 16 + (2 + -15 - -1).
34
What is the value of -3 - (2 - (3 + -5 + 6)) - 5?
-6
-14 - (14 + (18 - 59 - 14))
27
What is (-202 - -194) + -1 + (2 - 1)?
-8
(4 - -26 - (-1 - -1)) + -345 + 337
22
Evaluate -38 - (-73 + 3 + 22).
10
Evaluate (-14 - -2 - 9) + 5 + 6.
-10
(-5 - -5 - -2) + (117 - 117)
2
7 + -4 - (14 + -2) - 1
-10
Calculate (17 - -5 - 35) + 12.
-1
What is 1 + 4 - (0 - -16 - 13)?
2
Evaluate 5 + (-1 - 4) - (-5 - 17).
22
What is (25 - (-11 + 31)) + (21 - -3)?
29
-5 - (-11 + 1 + 19) - -7
-7
6 + -4 + (-1 - 1) + 11
11
-13 - (-15 + 22) - -8
-12
93 + -86 + -34 + 8
-19
Calculate -22 + 39 + 2 + -18.
1
(19 + -10 - -6) + (-1 - -1) + 1
16
Calculate (-6 - -1) + -1 - (6 - (-2 + 5)).
-9
Calculate (2 - -12 - 7) + (7 - 11).
3
Evaluate -15 + 4 + (-5 - -6).
-10
What is the value of -27 + (-4 - (5 + 2) - (61 + -83))?
-16
Calculate -10 + 2 + 13 + -13 - (-19 - 0).
11
What is (10 + -1 - (17 - 0 - -5)) + -9?
-22
(28 + -34 - (1 - 23)) + -16
0
What is the value of 8 - ((4 - (6 + -5)) + (2 - -2))?
1
Evaluate (-9 - -16) + (-31 - -12).
-12
(3 + (-10 - (11 - 11)) - -1) + 31
25
What is the value of -1 + 4 + 2 + -9 + 11 + -7?
0
-86 + 73 - (-3 + -3)
-7
-11 + (22 - 10) + 12
13
What is 6 - (-13 - -10 - -25)?
-16
Evaluate 29 + -15 + (-8 - 1) + -1 + 5.
9
What is 4129 - 4128 - ((1 + -2 